What is the hundred thousands digit of 4037301758?
3
What is the ten millions digit of 57226637?
5
What is the ten thousands digit of 219778690?
7
What is the millions digit of 276893722?
6
What is the hundred thousands digit of 786580569?
5
What is the hundred thousands digit of 611018954?
0
What is the millions digit of 1096915520?
6
What is the hundreds digit of 34454746?
7
What is the hundreds digit of 52152892?
8
What is the ten millions digit of 803823084?
0
What is the units digit of 68512097?
7
What is the ten thousands digit of 30114107?
1
What is the ten millions digit of 59852001?
5
What is the units digit of 257984364?
4
What is the units digit of 34885041?
1
What is the ten millions digit of 704708032?
0
What is the hundred millions digit of 1535236547?
5
What is the ten thousands digit of 672349453?
4
What is the tens digit of 374270184?
8
What is the ten thousands digit of 1103670?
0
What is the hundred thousands digit of 1402598521?
5
What is the hundreds digit of 197607039?
0
What is the millions digit of 1951414?
1
What is the ten millions digit of 414227748?
1
What is the hundred thousands digit of 119308725?
3
What is the hundred millions digit of 1723705776?
7
What is the ten thousands digit of 50398348?
9
What is the thousands digit of 852643257?
3
What is the thousands digit of 3017059701?
9
What is the hundred thousands digit of 23356901?
3
What is the hundred millions digit of 417570085?
4
What is the hundreds digit of 680947243?
2
What is the thousands digit of 433530241?
0
What is the billions digit of 4443766541?
4
What is the hundred thousands digit of 74699324?
6
What is the millions digit of 1459572924?
9
What is the ten thousands digit of 753108446?
0
What is the millions digit of 48209935?
8
What is the hundred thousands digit of 99233554?
2
What is the thousands digit of 390002442?
2
What is the ten millions digit of 38144667?
3
What is the ten millions digit of 94300768?
9
What is the tens digit of 4661340?
4
What is the hundreds digit of 895068421?
4
What is the tens digit of 1412776166?
6
What is the ten thousands digit of 147097721?
9
What is the millions digit of 5995533861?
5
What is the hundred millions digit of 3562044517?
5
What is the units digit of 331329806?
6
What is the hundred millions digit of 148475909?
1
What is the thousands digit of 664161095?
1
What is the thousands digit of 3163002679?
2
What is the tens digit of 2684105953?
5
What is the millions digit of 478821839?
8
What is the tens digit of 84823258?
5
What is the hundreds digit of 2276800?
8
What is the units digit of 847669218?
8
What is the thousands digit of 2097914?
7
What is the hundred thousands digit of 113412112?
4
What is the thousands digit of 285628108?
8
What is the tens digit of 239544601?
0
What is the ten thousands digit of 340358113?
5
What is the tens digit of 327985006?
0
What is the hundreds digit of 3262151551?
5
What is the hundreds digit of 24155229?
2
What is the thousands digit of 1895889547?
9
What is the hundred millions digit of 1453357076?
4
What is the units digit of 21462917?
7
What is the ten millions digit of 701447866?
0
What is the ten thousands digit of 33777918?
7
What is the ten millions digit of 166789512?
6
What is the millions digit of 343536485?
3
What is the hundred millions digit of 1900603625?
9
What is the ten millions digit of 7843372355?
4
What is the hundreds digit of 17775781?
7
What is the billions digit of 6920159130?
6
What is the thousands digit of 58831616?
1
What is the billions digit of 1005227062?
1
What is the ten thousands digit of 1407314312?
1
What is the ten thousands digit of 172887638?
8
What is the thousands digit of 4579197399?
7
What is the tens digit of 4062223?
2
What is the thousands digit of 19018271?
8
What is the units digit of 1767365679?
9
What is the thousands digit of 1125990290?
0
What is the ten thousands digit of 510006908?
0
What is the ten millions digit of 117533820?
1
What is the hundreds digit of 2101426086?
0
What is the hundred thousands digit of 2577746532?
7
What is the units digit of 397948501?
1
What is the hundred thousands digit of 454968210?
9
What is the tens digit of 1769769309?
0
What is the billions digit of 1659142202?
1
What is the ten thousands digit of 170104574?
0
What is the tens digit of 18788623?
2
What is the millions digit of 28750215?
8
What is the hundred millions digit of 300664510?
3
What is the hundred millions digit of 1882752183?
8
What is the hundred millions digit of 171902716?
1
What is the ten millions digit of 152151471?
5
What is the hundreds digit of 205912644?
6
What is the ten thousands digit of 74490507?
9
What is the ten millions digit of 103982198?
0
What is the tens digit of 270557117?
1
What is the hundred thousands digit of 16490189?
4
What is the tens digit of 160213530?
3
What is the hundred millions digit of 648398142?
6
What is the hundred thousands digit of 310968616?
9
What is the thousands digit of 354979951?
9
What is the units digit of 34093054?
4
What is the hundred thousands digit of 1824576263?
5
What is the ten millions digit of 135194659?
3
What is the millions digit of 3629913592?
9
What is the ten millions digit of 3900148484?
0
What is the thousands digit of 756717399?
7
What is the hundreds digit of 427025230?
2
What is the ten millions digit of 336778674?
3
What is the hundred thousands digit of 144710790?
7
What is the millions digit of 79696417?
9
What is the ten thousands digit of 410635001?
3
What is the tens digit of 59513788?
8
What is the ten millions digit of 113584478?
1
What is the hundred thousands digit of 99629686?
6
What is the ten millions digit of 28872874?
2
What is the billions digit of 2799984273?
2
What is the millions digit of 2824193020?
4
What is the millions digit of 3261757648?
1
What is the tens digit of 76240674?
7
What is the millions digit of 282117251?
2
What is the millions digit of 62161411?
2
What is the ten thousands digit of 266824785?
2
What is the units digit of 3857464975?
5
What is the hundred thousands digit of 120699750?
6
What is the tens digit of 123466029?
2
What is the hundreds digit of 6807952?
9
What is the hundred millions digit of 3630580034?
6
What is the thousands digit of 133119742?
9
What is the ten thousands digit of 102308864?
0
What is the millions digit of 179997732?
9
What is the hundred millions digit of 325152637?
3
What is the units digit of 1241328976?
6
What is the tens digit of 44914654?
5
What is the millions digit of 190433829?
0
What is the millions digit of 245990413?
5
What is the units digit of 46032475?
5
What is the tens digit of 1770979579?
7
What is the hundred thousands digit of 225474204?
4
What is the ten millions digit of 714482036?
1
What is the ten millions digit of 3175810941?
7
What is the ten thousands digit of 89812633?
1
What is the hundred millions digit of 371864817?
3
What is the ten millions digit of 143762817?
4
What is the billions digit of 2030610683?
2
What is the millions digit of 128918074?
8
What is the ten thousands digit of 78382427?
8
What is the millions digit of 27543525?
7
What is the thousands digit of 177184220?
4
What is the thousands digit of 48575355?
5
What is the tens digit of 606241659?
5
What is the hundred thousands digit of 786469161?
4
What is the thousands digit of 987180738?
0
What is the hundreds digit of 1600637139?
1
What is the tens digit of 43951097?
9
What is the hundred millions digit of 1521321284?
5
What is the units digit of 56520223?
3
What is the hundred thousands digit of 439279731?
2
What is the tens digit of 23388347?
4
What is the thousands digit of 1064324168?
4
What is the ten thousands digit of 133202871?
0
What is the ten thousands digit of 91433512?
3
What is the millions digit of 43580054?
3
What is the millions digit of 6722244053?
2
What is the millions digit of 34091879?
4
What is the billions digit of 1695655666?
1
What is the units digit of 27458938?
8
What is the ten millions digit of 234130095?
3
What is the ten thousands digit of 173152644?
5
What is the thousands digit of 147940312?
0
What is the ten thousands digit of 727072565?
7
What is the hundred millions digit of 680349069?
6
What is the tens digit of 631263328?
2
What is the thousa